 common divisor of 129151 and 118?
59
Calculate the highest common factor of 18 and 113718.
6
Calculate the highest common factor of 36 and 250452.
36
Calculate the greatest common factor of 50286 and 6.
6
Calculate the greatest common divisor of 187718 and 1504.
94
What is the highest common factor of 66971 and 1041?
347
Calculate the greatest common factor of 62243 and 21367.
929
What is the greatest common factor of 538966 and 62?
62
What is the greatest common divisor of 240 and 5295?
15
What is the greatest common factor of 370830 and 564?
282
What is the highest common divisor of 3834 and 114310?
142
Calculate the highest common factor of 614 and 288580.
614
What is the greatest common factor of 21915 and 308271?
1461
What is the greatest common factor of 4642 and 100858?
422
What is the highest common factor of 190801 and 338?
169
Calculate the greatest common divisor of 1042 and 144.
2
What is the greatest common factor of 1042375 and 375?
125
What is the greatest common divisor of 494 and 304?
38
What is the greatest common factor of 16258 and 66?
22
Calculate the greatest common divisor of 158041 and 26.
13
Calculate the highest common factor of 980 and 1055.
5
Calculate the highest common divisor of 4686413 and 163.
163
What is the highest common factor of 39 and 897663?
39
Calculate the highest common factor of 1960 and 31752.
392
Calculate the greatest common divisor of 800 and 5728.
32
What is the highest common factor of 53 and 3409331?
53
Calculate the highest common factor of 245 and 16366.
49
Calculate the greatest common divisor of 2370 and 34128.
474
Calculate the highest common divisor of 436910 and 170.
10
Calculate the greatest common divisor of 6314 and 32431.
287
What is the greatest common factor of 63 and 77196?
21
Calculate the highest common factor of 24444 and 18102.
42
What is the highest common factor of 3960 and 129960?
360
What is the greatest common factor of 1 and 1624859?
1
Calculate the highest common factor of 780560 and 887.
887
What is the greatest common divisor of 932 and 119762?
466
Calculate the highest common factor of 200141 and 33184.
1037
What is the highest common divisor of 855 and 233130?
285
What is the greatest common factor of 1968 and 253052?
164
Calculate the highest common divisor of 4900 and 75845.
35
What is the highest common factor of 4 and 80272?
4
Calculate the highest common factor of 187 and 12364.
11
Calculate the highest common divisor of 764154 and 2592.
162
Calculate the greatest common factor of 1734 and 30498.
102
What is the greatest common factor of 7792463 and 497?
497
What is the highest common divisor of 414 and 30906?
18
Calculate the greatest common divisor of 34176 and 13172.
356
Calculate the greatest common factor of 45015 and 12.
3
What is the highest common divisor of 20240 and 148005?
1265
What is the highest common divisor of 60593 and 26?
13
What is the greatest common divisor of 6851 and 3757?
221
What is the greatest common factor of 1242 and 243?
27
What is the highest common factor of 209 and 370139?
209
What is the highest common divisor of 9983 and 402?
67
What is the greatest common factor of 3293 and 925?
37
Calculate the greatest common divisor of 104 and 521326.
26
Calculate the greatest common factor of 4 and 324476.
4
Calculate the greatest common factor of 2 and 975318.
2
Calculate the greatest common divisor of 66 and 27478.
22
Calculate the highest common divisor of 3198 and 43542.
246
What is the highest common divisor of 48 and 9282?
6
Calculate the highest common divisor of 129570 and 140.
70
What is the highest common divisor of 5253 and 11883?
51
Calculate the highest common divisor of 3217303 and 43.
43
What is the greatest common factor of 724 and 6904788?
724
What is the greatest common divisor of 4810 and 276390?
370
What is the highest common divisor of 336 and 23492?
28
What is the greatest common divisor of 43043 and 344?
43
What is the greatest common divisor of 143 and 608894?
143
What is the highest common factor of 24 and 6074196?
12
What is the highest common divisor of 33780 and 528?
12
What is the highest common divisor of 368 and 393392?
368
What is the greatest common factor of 160 and 72?
8
What is the highest common divisor of 104 and 825032?
104
What is the highest common divisor of 28308 and 210?
42
Calculate the greatest common divisor of 21545 and 3007.
31
Calculate the greatest common factor of 7849 and 7515.
167
What is the highest common divisor of 42910 and 385?
35
What is the highest common factor of 1246 and 207370?
178
What is the highest common factor of 78 and 2314?
26
Calculate the highest common factor of 16714 and 2074.
122
What is the greatest common factor of 5 and 1228?
1
Calculate the highest common divisor of 321 and 1203.
3
What is the greatest common factor of 1296 and 4599?
9
Calculate the greatest common divisor of 15254 and 37609.
263
Calculate the greatest common factor of 30294 and 110.
22
What is the greatest common divisor of 1406 and 20672?
38
What is the greatest common factor of 7 and 67711?
7
Calculate the greatest common divisor of 15632 and 96.
16
Calculate the highest common divisor of 49917 and 189.
21
Calculate the greatest common divisor of 3875 and 991225.
775
Calculate the highest common factor of 312048 and 3168.
1584
Calculate the highest common factor of 4559 and 12125.
97
Calculate the greatest common factor of 11285 and 40.
5
Calculate the greatest common factor of 166 and 652214.
166
What is the highest common divisor of 129 and 52675?
43
What is the highest common factor of 810 and 24710?
10
What is the greatest common factor of 3936 and 352?
32
Calculate the highest common divisor of 990 and 121470.
30
Calculate the greatest common factor of 88 and 337436.
44
Calculate the highest common divisor of 8412 and 231.
3
What is the highest common factor of 570 and 6390?
30
Calculate the greatest common factor of 4648 and 1079.
83
Calculate the highest common factor of 35616 and 1184.
32
What is the greatest common factor of 204 and 662796?
204
What is the greatest common factor of 95536 and 42?
14
Calculate the highest common divisor of 41375 and 1025.
25
Calculate the highest common divisor of 63 and 17332.
7
What is the highest common divisor of 12 and 1260372?
12
What is the greatest common divisor of 420210 and 3726?
414
Calculate the highest common divisor of 153709 and 16974.
943
Calculate the highest common factor of 12879 and 1272.
159
Calculate the greatest common divisor of 107032 and 5508.
68
Calculate the greatest common divisor of 32000 and 10112.
128
Calculate the greatest common factor of 3713 and 7268.
79
What is the greatest common factor of 634179 and 897?
897
Calculate the greatest common divisor of 329104 and 307.
307
Calculate the greatest common factor of 58 and 17893.
29
Calculate the highest common divisor of 270 and 637605.
135
Calculate the highest common factor of 300876 and 48.
12
Calculate the highest common factor of 1674958 and 158.
158
What is the highest common factor of 30 and 3040060?
10
What is the highest common factor of 455 and 78085?
35
What is the highest common factor of 11518 and 104?
26
Calculate the greatest common divisor of 3648 and 969.
57
Calculate the greatest common divisor of 21 and 2023.
7
What is the highest common divisor of 164 and 2624?
164
Calculate the greatest common factor of 59362 and 7236.
134
What is the greatest common divisor of 44418 and 627?
33
What is the highest common factor of 4779 and 1947?
177
Calculate the greatest common factor of 1645 and 3055.
235
What is the highest common divisor of 447 and 57216?
447
Calculate the greatest common divisor of 20256 and 162892.
844
Calculate the greatest common divisor of 2871 and 20880.
261
Calculate the greatest common divisor of 154 and 12474.
154
What is the highest common divisor of 59624 and 232?
232
What is the greatest common factor of 210 and 209930?
70
Calculate the highest common divisor of 598 and 1176656.
26
What is the greatest common factor of 258 and 31?
1
Calculate the highest common factor of 1121 and 2891.
59
Calculate the highest common factor of 240 and 246096.
48
Calculate the highest common divisor of 7 and 41069.
7
What is the greatest com